{"id":15,"date":"2025-11-05T10:33:57","date_gmt":"2025-11-05T10:33:57","guid":{"rendered":"https:\/\/jerezpuertogestion.es\/?page_id=15"},"modified":"2025-11-05T10:40:42","modified_gmt":"2025-11-05T10:40:42","slug":"jerez-puerto-gestion-sl","status":"publish","type":"page","link":"https:\/\/jerezpuertogestion.es\/","title":{"rendered":"Jerez Puerto Gestion SL"},"content":{"rendered":"\t\t<div data-elementor-type=\"wp-page\" data-elementor-id=\"15\" class=\"elementor elementor-15\">\n\t\t\t\t<div class=\"elementor-element elementor-element-91af294 e-flex e-con-boxed e-con e-parent\" data-id=\"91af294\" data-element_type=\"container\">\n\t\t\t\t\t<div class=\"e-con-inner\">\n\t\t\t\t<div class=\"elementor-element elementor-element-67e3437 elementor-widget__width-initial elementor-widget elementor-widget-image\" data-id=\"67e3437\" data-element_type=\"widget\" data-widget_type=\"image.default\">\n\t\t\t\t\t\t\t\t\t\t\t\t\t\t\t<img fetchpriority=\"high\" decoding=\"async\" width=\"768\" height=\"543\" src=\"https:\/\/jerezpuertogestion.es\/wp-content\/uploads\/2025\/11\/jerez-puerto-gestion-icono-blanco-768x543.png\" class=\"attachment-medium_large size-medium_large wp-image-17\" alt=\"\" srcset=\"https:\/\/jerezpuertogestion.es\/wp-content\/uploads\/2025\/11\/jerez-puerto-gestion-icono-blanco-768x543.png 768w, https:\/\/jerezpuertogestion.es\/wp-content\/uploads\/2025\/11\/jerez-puerto-gestion-icono-blanco-300x212.png 300w, https:\/\/jerezpuertogestion.es\/wp-content\/uploads\/2025\/11\/jerez-puerto-gestion-icono-blanco-1024x724.png 1024w, https:\/\/jerezpuertogestion.es\/wp-content\/uploads\/2025\/11\/jerez-puerto-gestion-icono-blanco-1536x1086.png 1536w, https:\/\/jerezpuertogestion.es\/wp-content\/uploads\/2025\/11\/jerez-puerto-gestion-icono-blanco-2048x1448.png 2048w\" sizes=\"(max-width: 768px) 100vw, 768px\" \/>\t\t\t\t\t\t\t\t\t\t\t\t\t\t\t<\/div>\n\t\t\t\t<div class=\"elementor-element elementor-element-e0f2820 elementor-widget elementor-widget-heading\" data-id=\"e0f2820\" data-element_type=\"widget\" data-widget_type=\"heading.default\">\n\t\t\t\t\t<h2 class=\"elementor-heading-title elementor-size-default\">Jerez Puerto Gesti\u00f3n<\/h2>\t\t\t\t<\/div>\n\t\t\t\t<div class=\"elementor-element elementor-element-45e2368 elementor-widget elementor-widget-heading\" data-id=\"45e2368\" data-element_type=\"widget\" data-widget_type=\"heading.default\">\n\t\t\t\t\t<h3 class=\"elementor-heading-title elementor-size-default\">Administraci\u00f3n de fincas y alquileres<\/h3>\t\t\t\t<\/div>\n\t\t\t\t<div class=\"elementor-element elementor-element-cbb4ad3 elementor-widget-divider--view-line elementor-widget elementor-widget-divider\" data-id=\"cbb4ad3\" data-element_type=\"widget\" data-widget_type=\"divider.default\">\n\t\t\t\t\t\t\t<div class=\"elementor-divider\">\n\t\t\t<span class=\"elementor-divider-separator\">\n\t\t\t\t\t\t<\/span>\n\t\t<\/div>\n\t\t\t\t\t\t<\/div>\n\t\t\t\t<div class=\"elementor-element elementor-element-f24c4bb elementor-align-center elementor-icon-list--layout-traditional elementor-list-item-link-full_width elementor-widget elementor-widget-icon-list\" data-id=\"f24c4bb\" data-element_type=\"widget\" data-widget_type=\"icon-list.default\">\n\t\t\t\t\t\t\t<ul class=\"elementor-icon-list-items\">\n\t\t\t\t\t\t\t<li class=\"elementor-icon-list-item\">\n\t\t\t\t\t\t\t\t\t\t\t<a href=\"tel:662655%2089\">\n\n\t\t\t\t\t\t\t\t\t\t\t\t<span class=\"elementor-icon-list-icon\">\n\t\t\t\t\t\t\t<svg aria-hidden=\"true\" class=\"e-font-icon-svg e-fas-phone-alt\" viewBox=\"0 0 512 512\" xmlns=\"http:\/\/www.w3.org\/2000\/svg\"><path d=\"M497.39 361.8l-112-48a24 24 0 0 0-28 6.9l-49.6 60.6A370.66 370.66 0 0 1 130.6 204.11l60.6-49.6a23.94 23.94 0 0 0 6.9-28l-48-112A24.16 24.16 0 0 0 122.6.61l-104 24A24 24 0 0 0 0 48c0 256.5 207.9 464 464 464a24 24 0 0 0 23.4-18.6l24-104a24.29 24.29 0 0 0-14.01-27.6z\"><\/path><\/svg>\t\t\t\t\t\t<\/span>\n\t\t\t\t\t\t\t\t\t\t<span class=\"elementor-icon-list-text\">662 655 189<\/span>\n\t\t\t\t\t\t\t\t\t\t\t<\/a>\n\t\t\t\t\t\t\t\t\t<\/li>\n\t\t\t\t\t\t\t\t<li class=\"elementor-icon-list-item\">\n\t\t\t\t\t\t\t\t\t\t\t<a href=\"mailto:administracion@jerezpuertogestion.es\">\n\n\t\t\t\t\t\t\t\t\t\t\t\t<span class=\"elementor-icon-list-icon\">\n\t\t\t\t\t\t\t<svg aria-hidden=\"true\" class=\"e-font-icon-svg e-fas-envelope\" viewBox=\"0 0 512 512\" xmlns=\"http:\/\/www.w3.org\/2000\/svg\"><path d=\"M502.3 190.8c3.9-3.1 9.7-.2 9.7 4.7V400c0 26.5-21.5 48-48 48H48c-26.5 0-48-21.5-48-48V195.6c0-5 5.7-7.8 9.7-4.7 22.4 17.4 52.1 39.5 154.1 113.6 21.1 15.4 56.7 47.8 92.2 47.6 35.7.3 72-32.8 92.3-47.6 102-74.1 131.6-96.3 154-113.7zM256 320c23.2.4 56.6-29.2 73.4-41.4 132.7-96.3 142.8-104.7 173.4-128.7 5.8-4.5 9.2-11.5 9.2-18.9v-19c0-26.5-21.5-48-48-48H48C21.5 64 0 85.5 0 112v19c0 7.4 3.4 14.3 9.2 18.9 30.6 23.9 40.7 32.4 173.4 128.7 16.8 12.2 50.2 41.8 73.4 41.4z\"><\/path><\/svg>\t\t\t\t\t\t<\/span>\n\t\t\t\t\t\t\t\t\t\t<span class=\"elementor-icon-list-text\">administracion@jerezpuertogestion.es<\/span>\n\t\t\t\t\t\t\t\t\t\t\t<\/a>\n\t\t\t\t\t\t\t\t\t<\/li>\n\t\t\t\t\t\t\t\t<li class=\"elementor-icon-list-item\">\n\t\t\t\t\t\t\t\t\t\t\t<span class=\"elementor-icon-list-icon\">\n\t\t\t\t\t\t\t<svg aria-hidden=\"true\" class=\"e-font-icon-svg e-fas-map-marker-alt\" viewBox=\"0 0 384 512\" xmlns=\"http:\/\/www.w3.org\/2000\/svg\"><path d=\"M172.268 501.67C26.97 291.031 0 269.413 0 192 0 85.961 85.961 0 192 0s192 85.961 192 192c0 77.413-26.97 99.031-172.268 309.67-9.535 13.774-29.93 13.773-39.464 0zM192 272c44.183 0 80-35.817 80-80s-35.817-80-80-80-80 35.817-80 80 35.817 80 80 80z\"><\/path><\/svg>\t\t\t\t\t\t<\/span>\n\t\t\t\t\t\t\t\t\t\t<span class=\"elementor-icon-list-text\">C\/ Fermin Aranda s\/n. Centro Empresarial 2\u00aa planta  Oficina 5.1. Jerez de la Frontera <\/span>\n\t\t\t\t\t\t\t\t\t<\/li>\n\t\t\t\t\t\t<\/ul>\n\t\t\t\t\t\t<\/div>\n\t\t\t\t\t<\/div>\n\t\t\t\t<\/div>\n\t\t\t\t<\/div>\n\t\t","protected":false},"excerpt":{"rendered":"<p>Jerez Puerto Gesti\u00f3n Administraci\u00f3n de fincas y alquileres 662 655 189 administracion@jerezpuertogestion.es C\/ Fermin Aranda s\/n. Centro Empresarial 2\u00aa planta Oficina 5.1. Jerez de la Frontera<\/p>\n","protected":false},"author":1,"featured_media":0,"parent":0,"menu_order":0,"comment_status":"closed","ping_status":"closed","template":"elementor_canvas","meta":{"footnotes":""},"class_list":["post-15","page","type-page","status-publish","hentry"],"yoast_head":"<!-- This site is optimized with the Yoast SEO plugin v26.3 - https:\/\/yoast.com\/wordpress\/plugins\/seo\/ -->\n<title>Jerez Puerto Gestion SL - Jerez Puerto Gesti\u00f3n<\/title>\n<meta name=\"robots\" content=\"index, follow, max-snippet:-1, max-image-preview:large, max-video-preview:-1\" \/>\n<link rel=\"canonical\" href=\"https:\/\/jerezpuertogestion.es\/\" \/>\n<meta property=\"og:locale\" content=\"es_ES\" \/>\n<meta property=\"og:type\" content=\"article\" \/>\n<meta property=\"og:title\" content=\"Jerez Puerto Gestion SL - Jerez Puerto Gesti\u00f3n\" \/>\n<meta property=\"og:description\" content=\"Jerez Puerto Gesti\u00f3n Administraci\u00f3n de fincas y alquileres 662 655 189 administracion@jerezpuertogestion.es C\/ Fermin Aranda s\/n. Centro Empresarial 2\u00aa planta Oficina 5.1. Jerez de la Frontera\" \/>\n<meta property=\"og:url\" content=\"https:\/\/jerezpuertogestion.es\/\" \/>\n<meta property=\"og:site_name\" content=\"Jerez Puerto Gesti\u00f3n\" \/>\n<meta property=\"article:modified_time\" content=\"2025-11-05T10:40:42+00:00\" \/>\n<meta property=\"og:image\" content=\"https:\/\/jerezpuertogestion.es\/wp-content\/uploads\/2025\/11\/jerez-puerto-gestion-icono-blanco.png\" \/>\n\t<meta property=\"og:image:width\" content=\"3508\" \/>\n\t<meta property=\"og:image:height\" content=\"2481\" \/>\n\t<meta property=\"og:image:type\" content=\"image\/png\" \/>\n<meta name=\"twitter:card\" content=\"summary_large_image\" \/>\n<script type=\"application\/ld+json\" class=\"yoast-schema-graph\">{\"@context\":\"https:\/\/schema.org\",\"@graph\":[{\"@type\":\"WebPage\",\"@id\":\"https:\/\/jerezpuertogestion.es\/\",\"url\":\"https:\/\/jerezpuertogestion.es\/\",\"name\":\"Jerez Puerto Gestion SL - Jerez Puerto Gesti\u00f3n\",\"isPartOf\":{\"@id\":\"https:\/\/jerezpuertogestion.es\/#website\"},\"primaryImageOfPage\":{\"@id\":\"https:\/\/jerezpuertogestion.es\/#primaryimage\"},\"image\":{\"@id\":\"https:\/\/jerezpuertogestion.es\/#primaryimage\"},\"thumbnailUrl\":\"https:\/\/jerezpuertogestion.es\/wp-content\/uploads\/2025\/11\/jerez-puerto-gestion-icono-blanco-768x543.png\",\"datePublished\":\"2025-11-05T10:33:57+00:00\",\"dateModified\":\"2025-11-05T10:40:42+00:00\",\"breadcrumb\":{\"@id\":\"https:\/\/jerezpuertogestion.es\/#breadcrumb\"},\"inLanguage\":\"es\",\"potentialAction\":[{\"@type\":\"ReadAction\",\"target\":[\"https:\/\/jerezpuertogestion.es\/\"]}]},{\"@type\":\"ImageObject\",\"inLanguage\":\"es\",\"@id\":\"https:\/\/jerezpuertogestion.es\/#primaryimage\",\"url\":\"https:\/\/jerezpuertogestion.es\/wp-content\/uploads\/2025\/11\/jerez-puerto-gestion-icono-blanco.png\",\"contentUrl\":\"https:\/\/jerezpuertogestion.es\/wp-content\/uploads\/2025\/11\/jerez-puerto-gestion-icono-blanco.png\",\"width\":3508,\"height\":2481},{\"@type\":\"BreadcrumbList\",\"@id\":\"https:\/\/jerezpuertogestion.es\/#breadcrumb\",\"itemListElement\":[{\"@type\":\"ListItem\",\"position\":1,\"name\":\"Portada\",\"item\":\"https:\/\/jerezpuertogestion.es\/\"},{\"@type\":\"ListItem\",\"position\":2,\"name\":\"Jerez Puerto Gestion SL\"}]},{\"@type\":\"WebSite\",\"@id\":\"https:\/\/jerezpuertogestion.es\/#website\",\"url\":\"https:\/\/jerezpuertogestion.es\/\",\"name\":\"Jerez Puerto Gesti\u00f3n\",\"description\":\"Administraci\u00f3n de fincas y alquileres\",\"publisher\":{\"@id\":\"https:\/\/jerezpuertogestion.es\/#organization\"},\"potentialAction\":[{\"@type\":\"SearchAction\",\"target\":{\"@type\":\"EntryPoint\",\"urlTemplate\":\"https:\/\/jerezpuertogestion.es\/?s={search_term_string}\"},\"query-input\":{\"@type\":\"PropertyValueSpecification\",\"valueRequired\":true,\"valueName\":\"search_term_string\"}}],\"inLanguage\":\"es\"},{\"@type\":\"Organization\",\"@id\":\"https:\/\/jerezpuertogestion.es\/#organization\",\"name\":\"Jerez Puerto Gesti\u00f3n\",\"url\":\"https:\/\/jerezpuertogestion.es\/\",\"logo\":{\"@type\":\"ImageObject\",\"inLanguage\":\"es\",\"@id\":\"https:\/\/jerezpuertogestion.es\/#\/schema\/logo\/image\/\",\"url\":\"https:\/\/jerezpuertogestion.es\/wp-content\/uploads\/2025\/11\/jerez-puerto-gestion-logo-blanco.png\",\"contentUrl\":\"https:\/\/jerezpuertogestion.es\/wp-content\/uploads\/2025\/11\/jerez-puerto-gestion-logo-blanco.png\",\"width\":1500,\"height\":1060,\"caption\":\"Jerez Puerto Gesti\u00f3n\"},\"image\":{\"@id\":\"https:\/\/jerezpuertogestion.es\/#\/schema\/logo\/image\/\"}}]}<\/script>\n<!-- \/ Yoast SEO plugin. -->","yoast_head_json":{"title":"Jerez Puerto Gestion SL - Jerez Puerto Gesti\u00f3n","robots":{"index":"index","follow":"follow","max-snippet":"max-snippet:-1","max-image-preview":"max-image-preview:large","max-video-preview":"max-video-preview:-1"},"canonical":"https:\/\/jerezpuertogestion.es\/","og_locale":"es_ES","og_type":"article","og_title":"Jerez Puerto Gestion SL - Jerez Puerto Gesti\u00f3n","og_description":"Jerez Puerto Gesti\u00f3n Administraci\u00f3n de fincas y alquileres 662 655 189 administracion@jerezpuertogestion.es C\/ Fermin Aranda s\/n. Centro Empresarial 2\u00aa planta Oficina 5.1. Jerez de la Frontera","og_url":"https:\/\/jerezpuertogestion.es\/","og_site_name":"Jerez Puerto Gesti\u00f3n","article_modified_time":"2025-11-05T10:40:42+00:00","og_image":[{"width":3508,"height":2481,"url":"https:\/\/jerezpuertogestion.es\/wp-content\/uploads\/2025\/11\/jerez-puerto-gestion-icono-blanco.png","type":"image\/png"}],"twitter_card":"summary_large_image","schema":{"@context":"https:\/\/schema.org","@graph":[{"@type":"WebPage","@id":"https:\/\/jerezpuertogestion.es\/","url":"https:\/\/jerezpuertogestion.es\/","name":"Jerez Puerto Gestion SL - Jerez Puerto Gesti\u00f3n","isPartOf":{"@id":"https:\/\/jerezpuertogestion.es\/#website"},"primaryImageOfPage":{"@id":"https:\/\/jerezpuertogestion.es\/#primaryimage"},"image":{"@id":"https:\/\/jerezpuertogestion.es\/#primaryimage"},"thumbnailUrl":"https:\/\/jerezpuertogestion.es\/wp-content\/uploads\/2025\/11\/jerez-puerto-gestion-icono-blanco-768x543.png","datePublished":"2025-11-05T10:33:57+00:00","dateModified":"2025-11-05T10:40:42+00:00","breadcrumb":{"@id":"https:\/\/jerezpuertogestion.es\/#breadcrumb"},"inLanguage":"es","potentialAction":[{"@type":"ReadAction","target":["https:\/\/jerezpuertogestion.es\/"]}]},{"@type":"ImageObject","inLanguage":"es","@id":"https:\/\/jerezpuertogestion.es\/#primaryimage","url":"https:\/\/jerezpuertogestion.es\/wp-content\/uploads\/2025\/11\/jerez-puerto-gestion-icono-blanco.png","contentUrl":"https:\/\/jerezpuertogestion.es\/wp-content\/uploads\/2025\/11\/jerez-puerto-gestion-icono-blanco.png","width":3508,"height":2481},{"@type":"BreadcrumbList","@id":"https:\/\/jerezpuertogestion.es\/#breadcrumb","itemListElement":[{"@type":"ListItem","position":1,"name":"Portada","item":"https:\/\/jerezpuertogestion.es\/"},{"@type":"ListItem","position":2,"name":"Jerez Puerto Gestion SL"}]},{"@type":"WebSite","@id":"https:\/\/jerezpuertogestion.es\/#website","url":"https:\/\/jerezpuertogestion.es\/","name":"Jerez Puerto Gesti\u00f3n","description":"Administraci\u00f3n de fincas y alquileres","publisher":{"@id":"https:\/\/jerezpuertogestion.es\/#organization"},"potentialAction":[{"@type":"SearchAction","target":{"@type":"EntryPoint","urlTemplate":"https:\/\/jerezpuertogestion.es\/?s={search_term_string}"},"query-input":{"@type":"PropertyValueSpecification","valueRequired":true,"valueName":"search_term_string"}}],"inLanguage":"es"},{"@type":"Organization","@id":"https:\/\/jerezpuertogestion.es\/#organization","name":"Jerez Puerto Gesti\u00f3n","url":"https:\/\/jerezpuertogestion.es\/","logo":{"@type":"ImageObject","inLanguage":"es","@id":"https:\/\/jerezpuertogestion.es\/#\/schema\/logo\/image\/","url":"https:\/\/jerezpuertogestion.es\/wp-content\/uploads\/2025\/11\/jerez-puerto-gestion-logo-blanco.png","contentUrl":"https:\/\/jerezpuertogestion.es\/wp-content\/uploads\/2025\/11\/jerez-puerto-gestion-logo-blanco.png","width":1500,"height":1060,"caption":"Jerez Puerto Gesti\u00f3n"},"image":{"@id":"https:\/\/jerezpuertogestion.es\/#\/schema\/logo\/image\/"}}]}},"_links":{"self":[{"href":"https:\/\/jerezpuertogestion.es\/index.php?rest_route=\/wp\/v2\/pages\/15","targetHints":{"allow":["GET"]}}],"collection":[{"href":"https:\/\/jerezpuertogestion.es\/index.php?rest_route=\/wp\/v2\/pages"}],"about":[{"href":"https:\/\/jerezpuertogestion.es\/index.php?rest_route=\/wp\/v2\/types\/page"}],"author":[{"embeddable":true,"href":"https:\/\/jerezpuertogestion.es\/index.php?rest_route=\/wp\/v2\/users\/1"}],"replies":[{"embeddable":true,"href":"https:\/\/jerezpuertogestion.es\/index.php?rest_route=%2Fwp%2Fv2%2Fcomments&post=15"}],"version-history":[{"count":4,"href":"https:\/\/jerezpuertogestion.es\/index.php?rest_route=\/wp\/v2\/pages\/15\/revisions"}],"predecessor-version":[{"id":20,"href":"https:\/\/jerezpuertogestion.es\/index.php?rest_route=\/wp\/v2\/pages\/15\/revisions\/20"}],"wp:attachment":[{"href":"https:\/\/jerezpuertogestion.es\/index.php?rest_route=%2Fwp%2Fv2%2Fmedia&parent=15"}],"curies":[{"name":"wp","href":"https:\/\/api.w.org\/{rel}","templated":true}]}}